hat is the remainder when u is divided by 2?
0
Calculate the remainder when 20/(-120) - 998/(-12) is divided by 12.
11
Suppose 2*a = -j + 42, 0 = 3*j - 4*a + 30 - 106. What is the remainder when 125 is divided by j?
29
Suppose -13 = -8*y + 11. Suppose -4*q - 17 + 53 = 0. Calculate the remainder when q is divided by y.
0
Suppose -39 = -5*n + 6. Let v be 2/(1*(-4)/(-10)). Let k(w) = -w**3 + 4*w**2 + 6*w. Calculate the remainder when n is divided by k(v).
4
Suppose -4*f = -h + 24, 5*f + 30 = -h + 4*h. Calculate the remainder when 8 is divided by (-3)/f*-2 - -4.
2
Suppose -2*p - p + 24 = 0. What is the remainder when p is divided by -2*((-35)/20 + (-1)/(-4))?
2
Suppose 2*o - 10 = -3*o. Let z be ((-75)/2)/(o/(-4)). Suppose u + 2*u - z = 0. Calculate the remainder when u is divided by 9.
7
Let r = 93 + -64. Let c be 0/(-2) - (-3 - 5). Suppose 2*u - 22 - c = 0. What is the remainder when r is divided by u?
14
Suppose 3*z - 96 = -0*z. Let m(o) = -3*o + 1. What is the remainder when z is divided by m(-2)?
4
Let c(s) be the third derivative of -s**4/12 + 2*s**3/3 - s**2. What is the remainder when c(-6) is divided by 6?
4
Let d = 64 + -38. Let w be 0*-1*(-1)/2. Let h = 14 + w. Calculate the remainder when d is divided by h.
12
Suppose -38 - 6 = -4*p + 5*w, -3*p + 33 = -w. Let y = -6 + p. Suppose -y*i + 27 = -f, i - 4 = 3*f + 7. What is the remainder when 12 is divided by i?
2
Suppose 5*k - m = -0*m + 57, -4*k = -5*m - 33. Calculate the remainder when k is divided by 12.
0
Calculate the remainder when 223 is divided by (-4)/26 - (-1174)/26.
43
Let v(t) = -15*t**2 - 1. Let s be v(-1). Let i = s - -38. Let o(n) = n**3 - 3*n**2 - 3*n + 4. Calculate the remainder when i is divided by o(4).
6
Let w(x) = 11*x - 11. Let t(o) = -5*o + 5. Let n(p) = 9*t(p) + 4*w(p). What is the remainder when 1 is divided by n(0)?
0
What is the remainder when 57 is divided by (10/(-3))/((-4)/24)?
17
Let h(k) = -k**3 - 16*k**2 - k + 6. Let g be h(-16). Let q = -12 + g. What is the remainder when 28 is divided by q?
8
What is the remainder when 29 is divided by (17 - (1 + 0)) + -1?
14
Let p = 2 - 1. Let m(r) = -r**3 + r**2 + 2*r + 1. What is the remainder when p is divided by m(0)?
0
Let x = -26 - -84. Calculate the remainder when x is divided by 12.
10
Let t = -9 - -60. Let z be (-1)/((-2)/(-4)) - 34. Calculate the remainder when t is divided by -5*(2 - z/(-5)).
25
What is the remainder when 89 is divided by ((-3)/6)/((-2)/92)?
20
Let y be (0 - -1) + (-16)/(-1). Suppose -2*w = -3*r - y, -2*w + 0*w - 4*r = -10. Let g = 37 + -26. Calculate the remainder when g is divided by w.
4
Let p = 5 + -3. Suppose p*c - 78 = 24. What is the remainder when c is divided by 18?
15
Let v(s) be the third derivative of s**5/20 + s**4/24 + s**3/6 - 4*s**2. What is the remainder when 43 is divided by v(-2)?
10
Suppose 3*c = -c - 4*h + 28, 3*c - 5*h = -3. Let z = 13 - c. Calculate the remainder when z is divided by 4.
1
Let u(v) = v**3 - 9*v**2 + 7. Suppose 25 = 4*k + k. Let b = k - -15. What is the remainder when b is divided by u(9)?
6
Let t = 24 - 17. What is the remainder when (-1 - -2)*39/3 is divided by t?
6
Let y be -5*(16/(-10) + 1). Suppose a = -y*a. Suppose -32 + a = -2*s. Calculate the remainder when 31 is divided by s.
15
Suppose 7*k - 10 = 6*k. What is the remainder when 27 is divided by k?
7
Suppose 4 = -q - 5*w, q - 5*w - 3 = 3*q. Let l be 4/2 + -1 + q. Suppose -4*p + 86 = -l*p. What is the remainder when p is divided by 22?
21
Let r(i) = -i**3 + 10*i**2 + 16*i. Let c be r(11). Suppose -3*d - 61 = -5*z - 11, -5*z + c = -2*d. What is the remainder when 50 is divided by z?
11
Suppose -2*g = 2*q + q - 34, -5*g + 57 = 4*q. Suppose -8 = -4*n - 0*n. Suppose -n*v = -3*v + 5. Calculate the remainder when q is divided by v.
3
Suppose 0 = 12*s - 200 - 124. What is the remainder when 77 is divided by s?
23
Suppose b + 7 = 71. Suppose 2*y = y + b. Calculate the remainder when y is divided by 22.
20
Let y = -88 - -156. What is the remainder when y is divided by 18?
14
Let n = 6 - -24. Suppose 7 = -c + n. What is the remainder when c is divided by 8?
7
Let j be 1*(-1 + -12) - -3. Let n = -5 - j. What is the remainder when (3/(-2))/((-6)/56) is divided by n?
4
Suppose 24 = -5*v + 44. Suppose h = -2*h + 9. Calculate the remainder when v is divided by h.
1
Suppose -5*l + 31 + 29 = 0. Calculate the remainder when l is divided by 2.
0
What is the remainder when 131 is divided by 3 - (-31 + (0 - -1))?
32
Suppose 5*l = -0*l + 110. Let n = -42 + 61. Suppose -4*v = 5*z - 56, -5*z + 42 = -v - n. What is the remainder when l is divided by z?
10
Suppose -4*y + 5 = -27. Let j be (0 + 4)*10/8. Suppose 3*n - 7*n + 24 = 2*i, -4*n - j*i = -30. What is the remainder when y is divided by n?
3
Suppose 4*u = 6*u - 6. Suppose r - m = -5*m + 14, 3*m - u = 3*r. Let n(l) = l**3 + 2*l**2 - 5*l - 2. Calculate the remainder when n(-3) is divided by r.
0
Suppose 2*o + 0*o + 24 = 4*r, -8 = -3*r - o. Let t be 24/8 - (-1 + 2). Suppose 0 = -j + 1 + t. What is the remainder when r is divided by j?
1
Let u(m) = m**2 - 8*m - 12. Let x be u(12). Suppose -2*d = -4*d + x. Calculate the remainder when 34 is divided by d.
16
Let a(z) = -16*z + 9. Let o(l) = l - 1. Let m(x) = a(x) + 4*o(x). What is the remainder when m(-4) is divided by 14?
11
Let v = -4 + 16. Calculate the remainder when 23 is divided by v.
11
Let p(g) = -g**3 + 9*g**2 - 13*g - 10. Let b be p(7). Let k = 3 - b. What is the remainder when 15 is divided by k?
3
Let m be ((-2)/1 - 11) + 3. Let h(w) = w + 10. Let l be h(m). Suppose -a + 3*a - 20 = l. Calculate the remainder when 18 is divided by a.
8
Let y(h) = -h**3 + 8*h**2 - h - 4. Let c be y(8). Calculate the remainder when -1 + (-3)/(c/220) is divided by 19.
16
Let t(h) = 3*h**3 - h - 3. What is the remainder when t(3) is divided by 26?
23
What is the remainder when 27 is divided by (2/(12/9))/((-36)/(-336))?
13
Let s = -2 + 18. Suppose -x = -0*x - 29. Calculate the remainder when x is divided by s.
13
Let m = -45 - -59. What is the remainder when 39 is divided by m?
11
Let m(k) = k**3 - 4*k**2 - k + 1. Suppose 5*c = -s + 24, -4*c - 7 = -2*s - 29. Calculate the remainder when 61 is divided by m(c).
19
Let o = 52 + -33. What is the remainder when 33 is divided by o?
14
Suppose -3*w = -3*s - 0*s - 9, 33 = 3*w + 5*s. Calculate the remainder when 23 is divided by w.
5
Let i be ((-198)/(-5))/((-3)/(-10)). Suppose -2*k + 63 = w, k - 4*w = -3*k + i. Let b = 19 + -8. What is the remainder when k is divided by b?
10
Let y(z) = z**2 + 4*z - 4. Calculate the remainder when 4 is divided by y(-5).
0
Let y be 0/(1 + 1 + -1). Let n(g) = -g + 2. Suppose -2*m + 13 = -5*w - 11, -4*m = -4*w - 24. What is the remainder when n(y) is divided by m?
0
Let y(c) = 2*c**3 - 2*c + 5. What is the remainder when 153 is divided by y(3)?
47
Suppose -m + 6 = 2. Calculate the remainder when 18 is divided by 39/m - 1/(-4).
8
Calculate the remainder when 13/((-26)/16)*2/(-4) is divided by 2.
0
Suppose 0 = -3*r + 2*o + 8, 4*o - 26 = -5*r + o. Let f = 97 + -88. Calculate the remainder when 39/r*(-8)/(-3) is divided by f.
8
Let g = 54 - 37. Calculate the remainder when 31 is divided by g.
14
Let b(q) = -q + 2. Let s be b(-6). Calculate the remainder when 19 is divided by (s/4 - 5) + 10.
5
Let p = 0 + 5. Suppose -2*z - 49 = 3*s, -z + 69 = -4*s - 0*z. Let u = -8 - s. What is the remainder when u is divided by p?
4
Let b = 22 - 14. Calculate the remainder when 13 is divided by b.
5
Let n be 5*(6/3 + -1). Suppose 4*u = 3 + n. Suppose u*w - 12 = w. What is the remainder when 22 is divided by w?
10
Suppose -1 - 15 = -4*w. Suppose -w*g + 16 = -2*g. Let s = 18 - g. What is the remainder when 19 is divided by s?
9
Let l(m) = -m - 7. Let p be l(-7). Suppose p = -w + 5, -3*w - 20 = -5*s - w. Calculate the remainder when 21 is divided by s.
3
Let s = 5 + 0. Suppose 0 = 4*g - 7 - 69. Let n = 32 - g. Calculate the remainder when n is divided by s.
3
Suppose -5*t = -5*o - 30, -2*t = -5*o - 0*o. Calculate the remainder when 17 is divided by t.
7
Let z = 34 + -23. Calculate the remainder when 21 is divided by z.
10
Let j(i) = 18*i**2 + i. Let q be j(-1). Let l = q - 10. What is the remainder when 25 is divided by l?
4
Let x(n) = -n - 1. Let a be x(-9). Let z(b) = b + 2. Supp